by 7.
3
Calculate the remainder when 255 is divided by 47.
20
What is the remainder when 985 is divided by 26?
23
Calculate the remainder when 1165 is divided by 130.
125
Calculate the remainder when 326 is divided by 49.
32
What is the remainder when 45 is divided by 39?
6
What is the remainder when 221 is divided by 7?
4
Calculate the remainder when 616 is divided by 234.
148
Calculate the remainder when 3657 is divided by 6.
3
Calculate the remainder when 5057 is divided by 12.
5
What is the remainder when 69 is divided by 9?
6
What is the remainder when 1769 is divided by 582?
23
What is the remainder when 205 is divided by 16?
13
Calculate the remainder when 1327 is divided by 44.
7
Calculate the remainder when 111 is divided by 82.
29
Calculate the remainder when 303 is divided by 31.
24
What is the remainder when 351 is divided by 59?
56
Calculate the remainder when 9245 is divided by 136.
133
Calculate the remainder when 120 is divided by 45.
30
Calculate the remainder when 833 is divided by 73.
30
Calculate the remainder when 33438 is divided by 71.
68
Calculate the remainder when 388 is divided by 26.
24
What is the remainder when 92 is divided by 49?
43
Calculate the remainder when 550 is divided by 29.
28
What is the remainder when 138 is divided by 31?
14
Calculate the remainder when 45 is divided by 22.
1
Calculate the remainder when 1351 is divided by 85.
76
Calculate the remainder when 1171 is divided by 14.
9
What is the remainder when 47 is divided by 12?
11
Calculate the remainder when 1085 is divided by 87.
41
What is the remainder when 1149 is divided by 479?
191
What is the remainder when 136 is divided by 20?
16
Calculate the remainder when 585 is divided by 16.
9
Calculate the remainder when 752 is divided by 64.
48
What is the remainder when 61 is divided by 57?
4
Calculate the remainder when 128 is divided by 113.
15
Calculate the remainder when 18720 is divided by 151.
147
Calculate the remainder when 707 is divided by 241.
225
What is the remainder when 3103 is divided by 97?
96
What is the remainder when 181 is divided by 62?
57
What is the remainder when 571 is divided by 2?
1
Calculate the remainder when 166 is divided by 110.
56
What is the remainder when 1025 is divided by 508?
9
Calculate the remainder when 261 is divided by 30.
21
Calculate the remainder when 213 is divided by 43.
41
What is the remainder when 150 is divided by 65?
20
Calculate the remainder when 36 is divided by 7.
1
Calculate the remainder when 4081 is divided by 18.
13
What is the remainder when 752 is divided by 11?
4
What is the remainder when 14771 is divided by 83?
80
Calculate the remainder when 412 is divided by 16.
12
Calculate the remainder when 540 is divided by 88.
12
What is the remainder when 479 is divided by 23?
19
What is the remainder when 3707 is divided by 12?
11
What is the remainder when 155 is divided by 60?
35
Calculate the remainder when 1225 is divided by 10.
5
Calculate the remainder when 56 is divided by 9.
2
Calculate the remainder when 440 is divided by 65.
50
Calculate the remainder when 626 is divided by 129.
110
Calculate the remainder when 1651 is divided by 92.
87
Calculate the remainder when 410 is divided by 70.
60
What is the remainder when 42 is divided by 22?
20
Calculate the remainder when 85 is divided by 55.
30
What is the remainder when 1215 is divided by 607?
1
What is the remainder when 1039 is divided by 58?
53
What is the remainder when 185 is divided by 17?
15
Calculate the remainder when 46783 is divided by 157.
154
What is the remainder when 7149 is divided by 13?
12
Calculate the remainder when 50 is divided by 15.
5
Calculate the remainder when 314 is divided by 95.
29
What is the remainder when 2485 is divided by 11?
10
What is the remainder when 187 is divided by 21?
19
Calculate the remainder when 89 is divided by 10.
9
What is the remainder when 129 is divided by 10?
9
What is the remainder when 8501 is divided by 81?
77
Calculate the remainder when 191 is divided by 32.
31
Calculate the remainder when 250 is divided by 7.
5
What is the remainder when 4918 is divided by 40?
38
What is the remainder when 348 is divided by 42?
12
Calculate the remainder when 609 is divided by 301.
7
Calculate the remainder when 2359 is divided by 40.
39
What is the remainder when 153 is divided by 39?
36
What is the remainder when 107 is divided by 31?
14
What is the remainder when 544 is divided by 230?
84
What is the remainder when 223 is divided by 110?
3
What is the remainder when 271 is divided by 7?
5
What is the remainder when 28 is divided by 6?
4
What is the remainder when 488 is divided by 99?
92
What is the remainder when 148 is divided by 7?
1
What is the remainder when 139 is divided by 56?
27
Calculate the remainder when 73 is divided by 22.
7
Calculate the remainder when 563 is divided by 190.
183
What is the remainder when 4233 is divided by 1057?
5
Calculate the remainder when 1480 is divided by 11.
6
What is the remainder when 630 is divided by 205?
15
What is the remainder when 18 is divided by 11?
7
Calculate the remainder when 3191 is divided by 103.
101
Calculate the remainder when 288 is divided by 7.
1
Calculate the remainder when 444 is divided by 8.
4
What is the remainder when 3191 is divided by 265?
11
What is the remainder when 475 is divided by 80?
75
Calculate the remainder when 104 is divided by 69.
35
Calculate the remainder when 200 is divided by 31.
14
Calculate the remainder when 237 is divided by 39.
3
Calculate the remainder when 93 is divided by 31.
0
What is the remainder when 214 is divided by 20?
14
What is the remainder when 1050 is divided by 178?
160
What is the remainder when 6320 is divided by 51?
47
Calculate the remainder when 345 is divided by 30.
15
What is the remainder when 25 is divided by 8?
1
Calculate the remainder when 1886 is divided by 90.
86
Calculate the remainder when 136 is divided by 32.
8
What is the remainder when 268 is divided by 70?
58
Calculate the remainder when 222 is divided by 113.
109
Calculate the remainder when 1726 is divided by 69.
1
Calculate the remainder when 368 is divided by 89.
12
What is the remainder when 862 is divided by 108?
106
What is the remainder when 841 is divided by 169?
165
What is the remainder when 240 is divided by 101?
38
What is the remainder when 585 is divided by 132?
57
Calculate the remainder when 280 is divided by 91.
7
Calculate the remainder when 192 is divided by 52.
36
What is the remainder when 1039 is divided by 20?
19
Calculate the remainder when 256 is divided by 130.
126
Calculate the remainder when 142 is divided by 36.
34
What is the remainder when 35462 is divided by 31?
29
What is the remainder when 188 is divided by 109?
79
What is the remainder when 200 is divided by 55?
35
Calculate the remainder when 5001 is divided by 2495.
11
Calculate the remainder when 307 is divided by 77.
76
Calculate the remainder when 14 is divided by 4.
2
Calculate the remainder when 57 is divided by 30.
27
Calculate the remainder when 766 is divided by 25.
16
What is the remainder when 35 is divided by 14?
7
Calculate the remainder when 738 is divided by 44.
34
What is the remainder when 176 is divided by 84?
8
Calculate the remainder when 42 is divided by 9.
6
What is the remainder when 77 is divided by 37?
3
Calculate the remainder when 364 is divided by 74.
68
Calculate the remainder when 5057 is divided by 7.
3
What is the remainder when 1181 is divided by 6?
5
Calculate the remainder when 307 is divided by 30.
7
What is the remainder when 62 is divided by 17?
11
Calculate the remainder when 35258 is divided by 205.
203
What is the remainder when 255 is divided by 99?
57
What is the remainder when 115 is divided by 8?
3
What is the remainder when 178 is divided by 138?
40
Calculate the remainder when 377 is divided by 48.
41
What is the remainder when 2644 is divided by 16?
4
Calculate the remainder when 149 is divided by 31.
25
Calculate the remainder when 98 is divided by 63.
35
What is the remainder when 118 is divided by 17?
16
Calculate the remainder when 255 is divided by 50.
5
Calculate the remainder when 373 is divided by 95.
88
What is the remainder when 1892 is divided by 617?
41
What 